 composite number?
False
Suppose i + 4 - 1 = 0. Is (-356)/(-6)*i/(-2) a prime number?
True
Suppose 50 = 5*k + 10. Is (474/8)/(3/k) a composite number?
True
Let z(p) = -54*p + 11. Is z(-7) composite?
False
Suppose s = 235 - 12. Is s composite?
False
Let j be (16*(0 - 1))/(-2). Suppose -3*c - 35 = -j*c + 5*t, -4*t = -2*c + 6. Is 5/(2/(c - -3)) a composite number?
True
Let n = 4327 - 354. Is n a composite number?
True
Suppose 0 = -3*z - 756 + 207. Let l = -157 - -467. Let p = z + l. Is p prime?
True
Let z(i) = -2*i - 5. Let h be z(-4). Suppose h*v = 4*u - 52, 5*v - 2*u = -0*v - 96. Is (-15)/2*v/6 a prime number?
False
Let q be (3/(-2))/(5/10). Is (q/2)/(3/(-62)) prime?
True
Suppose -3*g + 569 + 208 = 0. Is g prime?
False
Let m be (-1)/(-2) - 90/(-20). Suppose -5*v - m*f + 275 = 0, -v + f + 2*f = -71. Is v a composite number?
False
Let g(n) = -258*n**3 - n**2 - 3*n - 1. Is g(-1) a composite number?
True
Suppose -214 = 5*l - 39. Let o be 10/l + 4/14. Suppose 4*a + a - 445 = o. Is a composite?
False
Suppose 4*f - 272 = -4*k, k + 5*f - 2*f = 76. Let y be (-2)/7 + k/28. Is (-1)/y + (-27)/(-2) composite?
False
Let p(y) = y**3 - 3*y**2 - 3*y + 1. Let m be p(4). Suppose v - m + 2 = 0. Is v a composite number?
False
Let z = -7 - 4. Let t = z - -42. Suppose -n + t = -64. Is n prime?
False
Let c(f) = f**2 - 3 - 2*f**2 - 2*f**2 - f**3. Let s be c(-4). Suppose -3*l + s + 32 = 0. Is l a composite number?
True
Let d(x) = x**3 - x**2 - 2*x - 1. Let r be d(2). Is (-3)/r - (7 + -41) a prime number?
True
Let h(m) = -m + 182. Let i be h(0). Suppose -k = k - i. Is k a prime number?
False
Suppose -3*b + 75 + 3144 = 0. Is b prime?
False
Let k = 6468 + -3581. Is k a composite number?
False
Suppose 0 = 38*d - 40*d + 902. Is d a prime number?
False
Suppose 10 = k - 27. Let o(b) = k + b**2 + 44 - 30. Is o(0) a composite number?
True
Is (31149/27)/((-1)/(-3)) + -4 composite?
False
Suppose -4*s - 12 = 0, 1649 = 4*y + s - 0*s. Is y prime?
False
Let a be 40/3 - 10/(-15). Suppose z = 2*r - a - 23, -3*z = -r + 6. Is r composite?
True
Let f be ((-1)/(-2))/(2/96). Suppose -4*i = -i + 3*y - f, -i = -4*y + 7. Suppose i*c - 12 = 203. Is c prime?
True
Suppose 5*s - 119 = 156. Let n = s - 22. Is n prime?
False
Let y = -410 + 1387. Is y a composite number?
False
Let k(u) be the third derivative of u**5/30 - 3*u**4/8 - 7*u**3/6 - 6*u**2. Is k(8) a prime number?
False
Suppose 0 = 2*p - 3*p + 2*d + 247, 4*d = 4*p - 996. Is p a composite number?
False
Let v = 147 + -80. Is v a prime number?
True
Suppose -2*t + 20 = -3*t. Let d = 17 - t. Is d a composite number?
False
Suppose -4*c + 502 = -2*c. Is c a composite number?
False
Let y(c) = c**2 - 2*c + 745. Let r = 16 + -16. Is y(r) composite?
True
Suppose 0*d = 5*d - 25. Let g(t) = 3*t**2 + 5*t + 9. Let m be g(-6). Suppose 0 = -4*h - 5*x + 74, -d*h = 3*x - m - 12. Is h prime?
False
Is -3*(-2)/((-24)/(-2740)) a prime number?
False
Let l = 9 - 15. Let g(q) = 3*q**2 - 3*q - 6. Let a be g(l). Suppose 4*f + 36 = a. Is f composite?
True
Let z = 34 + -70. Let q = -21 - z. Let j = q + -5. Is j a composite number?
True
Suppose 0 = -9*i + 5*i + 1016. Suppose -2*r = -4*r + i. Is r a composite number?
False
Let a(j) = 78*j + 1. Is a(5) a composite number?
True
Suppose -6*k - 948 = -3510. Is k a prime number?
False
Let t = -24 + -78. Let i = t + -35. Let c = -82 - i. Is c a prime number?
False
Let u be 12/32 - 52/(-32). Let i(h) = 59*h - 3. Is i(u) a prime number?
False
Suppose 5 - 3 = -2*d. Let n(l) = 35*l**2 - l - 1. Is n(d) composite?
True
Suppose 0 = -3*q - i + 8, 4*i + 1 = -q - 11. Let t be q/(-18) + (-256)/(-18). Is (7/t)/((-2)/(-84)) a prime number?
False
Suppose -h + 10 = -61. Is h a prime number?
True
Let l(w) = 64*w**2 - 1. Let i be l(1). Suppose 2*q = 111 + i. Is q a composite number?
True
Let h = -1885 + 1151. Let i = h + 1045. Suppose 4*r - 173 - i = 0. Is r a composite number?
True
Suppose -3*a + a - 8 = 0. Let l be a/(-10) + (-56)/(-10). Suppose 0 = f - l + 2. Is f a composite number?
True
Let p be 8/24 + 22/6. Suppose -p*k + k + 339 = 0. Is k composite?
False
Let k(a) = 3*a - 61. Let p(d) be the first derivative of -d**2 + 62*d - 4. Let i(r) = 3*k(r) + 4*p(r). Is i(0) prime?
False
Let y(n) = -2*n**3 + 4*n**2 - 4*n + 3. Is y(-4) composite?
False
Let o be 2410/6 + 4/(-6). Suppose 4*b = 59 + o. Is b a composite number?
True
Let u = 5994 - 2795. Is u a composite number?
True
Let h(a) be the third derivative of a**6/40 - a**5/20 + a**4/8 + 2*a**3/3 + a**2. Is h(3) a prime number?
True
Suppose -4 = -3*r + 11. Suppose r*y - 3*h + 0*h + 558 = 0, 5*y = 4*h - 559. Is y/(-18)*2*3 a prime number?
True
Let q = -287 + 661. Let g = q + -243. Is g a prime number?
True
Let v = -476 - -711. Is v composite?
True
Suppose 0*k = 4*r - 5*k - 6, r + 5*k = 14. Suppose -290 - 88 = -l - 5*t, r*l - 1493 = -t. Is l prime?
True
Let y be -3 - 0 - -3 - -6. Is (-1596)/8*(-4)/y composite?
True
Suppose 0*b = l + 5*b + 23, 18 = -l - 4*b. Suppose -k - l = 4*p, 6 = 5*k - 2*p + 6*p. Suppose -k*c - 455 = -5*h, -361 = -h - 3*h + c. Is h composite?
False
Let r(q) = q - 6*q**2 + 50*q**2 - 1 - 3. Is r(3) composite?
True
Suppose 1566 = 5*d - 2*d. Is 4/(-6)*d/(-4) prime?
False
Let w(p) = -57*p + 71. Is w(-18) a composite number?
False
Let d(m) = 31*m**2 - m. Is d(2) prime?
False
Let m(i) be the second derivative of 5*i**4/12 - i**3/3 + 3*i**2/2 - 6*i. Let h(l) = l**2 - 5*l + 6. Let t be h(4). Is m(t) a prime number?
True
Let r(w) be the third derivative of w**8/6720 - w**7/315 + w**6/180 + w**5/24 + w**4/24 + 2*w**2. Let s(z) be the second derivative of r(z). Is s(8) composite?
False
Suppose -5*r + 4 = -4*f - 19, 3*f = 2*r - 12. Suppose r*x = 5*x. Suppose -4*q + 188 = -x*q. Is q prime?
True
Let f(l) = l**3 + 8*l**2 - 8*l + 3. Suppose 4*o + 1 = 17. Suppose 2*p - 3*h = -31, o*h = p + 13 + 15. Is f(p) a prime number?
True
Suppose 5 = 3*l - 7. Suppose 0 = a + l*a - 1335. Is a composite?
True
Suppose 4*j + j + 48 = b, 8 = b + 3*j. Is b prime?
True
Suppose 16 + 4 = -3*t - 5*k, -2*t - 4*k = 16. Suppose 7*w - 4*w = t. Suppose -3*m = -w*m - 12. Is m a composite number?
True
Suppose 2*f = -5*j - 25, -3*j - 15 = -8*f + 3*f. Suppose 4*m - 12 = -f. Is m prime?
True
Let i be 4 - (-12)/(-4) - 229. Is (i - 2)/(-7 + 5) prime?
False
Is (-521)/(2*(-2)/4) a composite number?
False
Suppose -8*y = -7*y - 211. Is y composite?
False
Suppose 0*a = -a, 5*u + 3*a = 1240. Suppose -4*f = -z - 330, -5*f + 4*z + u = -159. Is f a composite number?
False
Let r = 14 - -255. Is r composite?
False
Suppose -3*q = -4*j - 7501, 0 = -2*q + 5*j + 2300 + 2696. Is q a prime number?
True
Let m be (5 - (-6)/(-3)) + 1. Suppose -64 = m*t + 80. Is 475/9 + (-8)/t prime?
True
Suppose -2*k + 5*c = -1906, -6*k = -2*k + 4*c - 3756. Is k a composite number?
True
Let d be (-8)/(-6)*609/14. Let w = d - -447. Is w a prime number?
False
Let g be 62/(-8) + 2/(-8). Let h = -4 - g. Suppose h*p + 0*p = 52. Is p a prime number?
True
Suppose 5*x - 369 = 606. Suppose x = 3*n - 768. Is n prime?
False
Suppose 5*v = -0*v - 10, 4*o = 4*v - 180. Let s be (5 - 1)/(8/(-52)). Let r = s - o. Is r a prime number?
False
Let w be (-3)/(-3)*(-2 - -624). Suppose 5*p + 2*g = 807, 0 = 3*p + g + 137 - w. Is p prime?
True
Let v = 1 - -1. Suppose 0*n = v*n + 2, -2*x = -3*n - 177. Is x a prime number?
False
Let j be 10/2 - 1*3. Suppose -76 = -2*s - j*s. Let c = 12 + s. Is c a composite number?
False
Suppose 4*x = 2 + 2. Suppose 5*a + x = 16. Suppose 98 = a*n - 13. Is n composite?
False
Suppose 5*z - 25 = -0. Suppose -380 = -4*f - 4*i, z*f - 2*i - 471 = -3*i. Is f a prime number?
False
Suppose -4*v + 3*a = a + 12, 2*v + a - 2 = 0. Let c(g) be the second derivative of -2*g**3 + g**2/2 + 8*g. Is c(v) a composite number?
False
Suppose 4*b - 4369 = -5*m, 4*b = -4*m + 1862 + 2506. Is b a composite number?
False
Suppose 0 + 18 = 2*c. Let z(p) = p**3 - 10*p**2 + 12*p + 4. Is z(c) prime?
True
Let m be 1/2 - 612/(-8). Suppose 122 = a - m. Is a a composite number?
False
Suppose 2*s + 3 = r + 1, 14 = 4*r - 2*s. Let u(d) = 5 + d - 3*d + 11*d**2 - d**2. Is u(r) composite?
False
Let a be (6/4)/(6/8). Let i = 5 - a. Suppose -23 = -t - 2*s - s, -s = -i*t + 109. Is t a composite number?
True
Let z = 8 + -3. Suppose 2*m - 4*r = -2*m - 108, -165 = 5*m + z*r. Let p = 61 + m. Is p prime